(39 + (-12 - -6))?
-19
What is 11 + -2 + (4 - (-3 + (12 - 5)))?
9
What is the value of -8 - (4 - 2 - 8)?
-2
What is the value of 1 + (-10 - 2) - (-95 + 58)?
26
Calculate (1 - (2 - 3)) + -8 + -1204 + 1191.
-19
Evaluate (40 + -8 + -7 - 5) + 2.
22
What is 17 - ((0 - -4) + -8 + 10)?
11
What is 0 - (26 + -30 - (15 + 0))?
19
What is 323 - 326 - (1 + 0)?
-4
Evaluate -34 - (1 - -1) - (-81 + 26 - -45).
-26
(-21 - -24) + (2 - 0) + (0 - 9)
-4
189 - 183 - (-2 + (12 - 1))
-3
Evaluate (-11 - (43 + -22)) + 14.
-18
Calculate -10 + (13 - 7 - 0) + -4.
-8
-5 + (-3 - (-5 - -1)) + (79 - 55)
20
Calculate -3 + 0 + 14 + -6 + -7.
-2
Calculate 4 - -11 - (1 - (0 - -6)).
20
What is the value of (0 - -5) + (0 - (1 - (12 + -9)))?
7
What is the value of (-16 - (-34 + 5)) + -14?
-1
Calculate 8 - 1 - (-18 - (-14 + -1)).
10
What is the value of 7 + 2 - (-112 + 143)?
-22
What is the value of (-28 - -12 - -9) + 23 - 2?
14
0 + (-12 + -2 + -3 - -7)
-10
Calculate 7 - (-6 + 1 + 28 + -7).
-9
Evaluate -5 + 14 - (29 - 7).
-13
Calculate -4 + (0 - (2 + -6 - (1 + -8))).
-7
What is (5 - -2) + -50 + (-28 - -82)?
11
What is (2 - 19) + (-60 + 74 - -30)?
27
Calculate 6322 + -6310 + (0 - 21 - 0).
-9
What is 13 + -7 + -6 - (-6 - -4 - 6)?
8
Evaluate 0 + (1 - (-1 + 6)) - (-4046 + 4041).
1
Calculate 5 + -8 + (4 - 8 - -7) + -8.
-8
10 - (-7 - -1 - (-19 - -23))
20
Calculate (-34 - -25) + (-2 - -28).
17
What is the value of (9 + -67 - -39) + 35?
16
Calculate -20 + (-8 - -18) + -3 + -9 + 4.
-18
What is the value of -21 - (-1 + (-11 - -26) + -19)?
-16
Evaluate 5 + -18 + 2 + 7 + 6.
2
What is 40 + -33 + -12 + -1 + 4 + -24?
-26
Calculate (2 - (-1 + 26)) + (7 - -4).
-12
What is the value of (16 - 8 - -1) + 2?
11
Calculate -35 - -37 - (-7 - 1) - 7.
3
What is 145 + -141 + 2 + 0 + 17 + -2?
21
(-40 - -34) + -3 + 2 + -1 + 7
-1
Calculate 30 + (-44 - -22) - (7 + 2).
-1
What is (-176 + 181 - (18 - 2)) + -2?
-13
2 + 1 + (-30 - (-58 - -39))
-8
What is the value of -11 + (-13 - (2 + -6 + -1))?
-19
What is -33 - ((-22 - -12) + -14)?
-9
Calculate 10 - 12 - (4 - (9 + -1)).
2
Calculate 6 + (-2 + 3 + 0 - (10 - 11)).
8
-24 - (-2 - (-19 - -31))
-10
-1 + 15 + (248 - 260) + (6 - -1)
9
-12 + -35 + -16 + 45
-18
Calculate 13 + (2 - 25) + 1.
-9
What is 39 + -29 - (14 + 0)?
-4
What is the value of -1 + (32 - (-4 - -1))?
34
What is -26 - (4 - (32 - 12))?
-10
-64 + 28 + 3 + 31
-2
What is (1 - -3) + -5 + (-109 - -93)?
-17
(-104 - -84) + 0 + 20
0
-43 - (-28 + -4 + (38 - 18))
-31
Calculate 52 + (-7 - 16) - 18.
11
1 + (-1 + 1 - (8 - -7) - 0)
-14
-62 + 21 + 27 - ((3 - 1) + -2)
-14
(22 - -14) + 15 + -41
10
Calculate (4 - 1 - 4) + 13 + (-47 - -34).
-1
What is 5 + (1 - 12 - (25 + -34))?
3
Calculate -3 - (4 + (0 + 6 - 7)).
-6
312 - 318 - (10 + -1)
-15
1 + -13 + 19 + 1 + (-1 - -6)
13
What is the value of -16 - (-20 - (-34 - -17) - 2)?
-11
Evaluate 2 - (-10 + -1 + -62 + 84) - -28.
19
What is -3 + 4 + 1 - (5 - (-5 - 1))?
-9
Calculate -4 + (-7 - (9 - (5 - (-3 + -1)))).
-11
Evaluate (-56 - (-41 - 1)) + 2.
-12
-322 - -326 - ((1 - (1 + 10)) + -2)
16
Calculate 15 + 1 + -12 - (-2 - 1 - -19).
-12
What is 5 + 3 + (16 - (-10 + 14))?
20
What is the value of (-345 - -324) + (0 - (-1 - 4)) - -3?
-13
Calculate -2 + 2 - (10 - (9 + (5 - 17))).
-13
What is 0 + -22 + (16 - (33 + -26))?
-13
Calculate -13 - -4 - (-1 + -9).
1
Calculate -1 + -7 + (-9 + 2 - -28).
13
Evaluate 1 - -2 - (-2 - 10 - -9).
6
What is the value of (-21 - -1) + -130 + 120 + 0 + -10?
-40
What is (3 + (-8 - -6) - -8) + -23?
-14
Evaluate 24 + -13 + -5 + -2 + 1.
5
What is 24 + -8 + -15 + 2 + -1 + -7?
-5
What is the value of 9 + 1 + (-3 - -1) + (71 - 75)?
4
What is 21 - (60 + 4 + -33)?
-10
Evaluate -4 - (-3 + -4 + 1 - (12 - 19)).
-5
2 + 18 + (-4 + (9 - 13) - -1)
13
What is the value of (1 - 2) + -18 + 1 + 41?
23
Calculate -3 + -6 + (22 - (20 - 7)).
0
Evaluate 10 - 9 - 11 - (-12 - -4).
-2
What is the value of 5 + (-32 - (-56 + 31))?
-2
Calculate 25 + 10 + -9 - 11.
15
Calculate -15 - -31 - -6 - 39.
-17
-1 + -7 + 168 + -189
-29
Calculate -7 + 7 + (-3 - 5) + -7.
-15
What is (-2 + -20 - -17) + 2?
-3
-19 + 16 + (-2 - -14) + 3
12
What is 0 + 13 - (6 + -27 - -28)?
6
Calculate 4 - (-5 + (14 - -6)).
-11
7 + -4 + (26 - 21)
8
Calculate 4 - ((-7 - -3) + (-2 - -5)) - 17.
-12
What is the value of 16 - ((38 - -2) + -16)?
-8
Evaluate 8 - (28 - (1 - (0 - 4))).
-15
Calculate -19 - (-2 + 13 + -26).
-4
Calculate 21 + -7 + 0 + (-7 - (-13 - -7)).
13
What is the value of -15 + 11 + (16 - 17)?
-5
What is 20 - (-16 + 26 + 3)?
7
What is the value of (4 - 7) + -14 - -1 - -4?
-12
What is the value of -764 + 755 + (1 - 13 - 1) + -1?
-23
What is (-8 - 6) + 7 + -27 + 4?
-30
What is the value of -36 + (-37 - -10) + 78?
15
What is the value of -5 + (2 + (13 - 8) - (-16 + 1))?
17
What is -1 + -6 + (-8 + 8 - -2 - 0)?
-5
What is the value of 1 - 10 - (-85 - (-45 + -30))?
1
Calculate -7 - (-170 + 166 + (-1 - -11)).
-13
Evaluate 2 - (-4 - (6 + -12)) - (0 - 38).
38
Evaluate -13 - (-7 + (-7 - -9) - (-25 + 16)).
-17
Evaluate 41 + -43 + (5 + -2 - -12).
13
What is the value of 2 + -11 + (-64 - -60)?
-13
-7 + (43 + -53 - (-10 - 1))
-6
(15 - 4) + 5 + (8 - 20)
4
Evaluate (46 - 2 - 28) + -23.
-7
Calculate 10 + -7 + -7 + 1 + -7.
-10
0 - (-7 + -5 + 3) - (20 + -17)
6
5 - 6 - 7 - (0 - (-6 - -12))
-2
What is the value of (6 - 23 - -21) + 0 + 18?
22
38 + -34 - (-5 + (5 - -2) - 3)
5
Evaluate (-6 - (-7 - (3 - 9))) + -2 + 21.
14
Calculate -606 - -588 - (-2 - 7 - 0).
-9
-14 - (-22 + 12 + 8)
-12
Calculate 2 + 0 + 3 - (0 + 9 - 1).
-3
Evaluate (3 - 0) + (3 + (-12 - -27) - 12).
9
What is the value of -8 - ((7 - -3) + (3 - (-11 + 16)))?
-16
What is the value of (-12 - -8 - -7) + -3?
0
What is -3 + (-5 - (3 + 6 + -6 + -20))?
9
What is 10 + -13 + -1 + -13 + -1?
-18
Calculate 4 - ((2 - -5) + (-9 - 0) + 6).
0
Calculate -3 + -22 + 13 - -19.
7
What is -8 + 14 + (5 - 11) + 10?
10
What is 8 + (-1 - -5 - (62 + -60)) + -1?
9
What is the value of (-8 - -1) + -1 + 637 + -644?
-15
What is the value of 30 + (24 - 17) + -19?
18
What is the value of (26 - 31) + 19 + -2?
12
9 + -12 + 13 + 1 + -10
1
Evaluate (-5 - (-11 - 3)) + -11 + -14 + -2.
-18
What is -1 + (4 + (-3 - 0) - (50 + -55))?
5
Calculate -6 - (-98 + 84 - (9 - -2 - 2)).
17
(-33 - -86) + -39 + 0 + -5
9
Evaluate -20 + (3 - (-41 - -30)).
-6
What is the value of (-5 - -9 - (2 + 0)) + 4 + -2?
4
What is (54 - 49) + (-8 - -1) + -10 + -1?
-13
Calculate (-5 - (-1 + (-2 - -1))) + (9 - 2).
4
Calculate 5 + 28 + (-66 - -21).
-12
Calculate -33 + -21 + (13 - -34).
-7
What is (-11 - -3 - 10 - 2) + 7?
-13
Calculate (4 - 5) + 7 + (-4 - 1).
1
What is -1 + -5 + (6 - (3 - 14))?
11
Evaluate -18 - -2 - (-27 + 21) - -16.
6
Calculate (-21 - -12) + 43 + -8 + -1 + -6.
19
Evaluate (159 - 152) + (5 - (-4 + -7)).
23
What is the value of -19 + 28 + -1 - 24?
-16
Evaluate -4 - (-7 + 8 - 9) - (2 - 3).
5
What is (-498 - -488) + -1 + 4?
-7
What is the value of 1 - ((-6 - -10 - 0) + -1 + 1)?
-3
Evaluate (-1 - -1) + (-12 + 1 - -6) + -3.
-8
What is 2 - -4 - (-102 - -112) - -5?
1
Evaluate 183 - 174 - (13 + -1).
-3
Calculate 7 - (9 - ((1 - 8) + -16 + 22)).
-3
69 - (57 + 5) - (-1 - -8)
0
What is the value of -8 + -4 + (25 - 9)?
4
What is the value of 0 + -12 + -33 + 42?
-3
What is -20 + 73 + -17 + -19?
17
What is 4 + (-4 - 22 - -48)?
26
What is -18 - (-7 + 5 + -1 + -3 + -1)?
-11
-20 + -1 + -80 + 129
28
What is the value of 8 + -2 - 10 - (5 + -1 + 2)?
-10
-4 + (-6 + 11 - -7) + (-34 - -8)
-18
Calculate 2 - 13 - (-82 - -66) - -12.
17
What is -49 - -40 - (-22 + 4)?
9
What is -4 - -7 - (-11 + 7 + 9)?
-2
What is 0 + (0 - -8 - 5) - (-6 + -1)?
10
Calculate 62 + -98 + (-5 - -12).
-29
What is the value of (1 - -7) + (-56 - -80 - 9)?
23
Calculate 0 - -7 - (-24 + 8 + 11).
12
Evaluate 1 + 9 + (25 - 48).
-13
What is the value of 8 + (3 + -7 - -1)?
5
What is the value of 300 - 300 - (0 + -1 + -4 - -1)?
4
What is the value of -15 + -1 + 39 + -8?
15
Calculate 199 + -205 + 0 + 15.
9
Evaluate -34 + 38 - (3 - (3 - (-1 - -3))).
2
What is -2 + -1 + 3 - (17 - 49 - -15)?
17
What is -38 + 43 - (-1 - -2 - -28)?
-24
Calculate (158 - 169) + (0 - (11 + 7)).
-29
What is 2 + (-14 - -2) + -563 + 603 + -6?
24
3 + (3 - 1) + (185 - 195)
-5
What is (1 + 8 - (4 + 2 + -3)) + 0?
6
What is (3 - 3) + (-13 - (-4 + 0)) + 9?
0
What is the value of (9 - (19 - 15)) + 5?
10
What is the value of -7 - 